{"id":128,"date":"2025-01-28T12:44:12","date_gmt":"2025-01-28T12:44:12","guid":{"rendered":"https:\/\/fundmgmbh.de\/?page_id=128"},"modified":"2025-01-28T12:44:12","modified_gmt":"2025-01-28T12:44:12","slug":"pflastersteinarbeiten","status":"publish","type":"page","link":"https:\/\/fundmgmbh.de\/?page_id=128","title":{"rendered":"Pflastersteinarbeiten"},"content":{"rendered":"<p><em><strong>Pflasterarbeiten: Die Kunst, Wege und Pl\u00e4tze zu gestalten<\/strong><\/em><\/p>\n<p>Pflasterarbeiten sind ein wichtiger Bestandteil des Garten- und Landschaftsbaus. Sie dienen dazu, Wege, Pl\u00e4tze und Terrassen zu gestalten und zu versch\u00f6nern. Pflasterarbeiten k\u00f6nnen auch dazu beitragen, die Stabilit\u00e4t und den Abfluss von Wasser zu verbessern.<\/p>\n<p><strong>Was sind Pflasterarbeiten?<\/strong><\/p>\n<p>Pflasterarbeiten sind der Prozess des Verlegens von Pflastersteinen. Pflasterarbeiten k\u00f6nnen mit verschiedenen Arten von Pflastersteinen durchgef\u00fchrt werden, z. B. Betonpflastersteinen, Natursteinpflastersteinen und Klinkerpflastersteinen. Pflasterarbeiten k\u00f6nnen auch mit verschiedenen Verlegemustern durchgef\u00fchrt werden, z. B. Fischgr\u00e4tmuster, Kreuzverband und Verbundpflaster.<\/p>\n<p><strong>Wie werden Pflasterarbeiten durchgef\u00fchrt?<\/strong><\/p>\n<p>Pflasterarbeiten werden in der Regel in folgenden Schritten durchgef\u00fchrt:<\/p>\n<ul>\n<li>Vorbereitung des Untergrunds: Der Untergrund muss eben und fest sein.<\/li>\n<li>Verlegung des Schotters: Eine Schicht Schotter wird auf den Untergrund gelegt.<\/li>\n<li>Verlegung der Randsteine: Die Randsteine werden entlang der Kanten des Pflasters verlegt.<\/li>\n<li>Verlegung der Pflaster: Die Pflaster werden in das Schotterbett gelegt.<\/li>\n<li>Verfugen: Die Fugen zwischen den Pflastersteinen werden mit Sand oder Splitt gef\u00fcllt.<\/li>\n<li>Vorteile von Pflasterarbeiten<\/li>\n<\/ul>\n<p>Langlebigkeit: Pflasterarbeiten sind langlebig und wartungsarm.<br \/>\n\u00c4sthetik: Pflasterarbeiten k\u00f6nnen einen sch\u00f6nen und einladenden Eindruck schaffen.<br \/>\nStabilit\u00e4t: Pflasterarbeiten k\u00f6nnen dazu beitragen, die Stabilit\u00e4t des Untergrunds zu verbessern.<br \/>\nAbfluss: Pflasterarbeiten k\u00f6nnen dazu beitragen, den Abfluss von Wasser zu verbessern.<br \/>\nNachteile von Pflasterarbeiten<\/p>\n<p>Kosten: Pflasterarbeiten k\u00f6nnen teuer sein.<br \/>\nWartung: Pflasterarbeiten m\u00fcssen regelm\u00e4\u00dfig gewartet werden, um sie in gutem Zustand zu halten.<\/p>\n<p>Fazit<\/p>\n<p>Pflasterarbeiten sind eine gro\u00dfartige M\u00f6glichkeit, Wege, Pl\u00e4tze und Terrassen zu gestalten und zu versch\u00f6nern. Sie sind langlebig, wartungsarm und k\u00f6nnen dazu beitragen, die Stabilit\u00e4t und den Abfluss von Wasser zu verbessern. Wenn Sie planen, Pflasterarbeiten in Ihrem Garten oder auf Ihrem Grundst\u00fcck durchzuf\u00fchren, ist es wichtig, einen erfahrenen Fachmann zu beauftragen.<\/p>\n<p><strong>Rufen Sie uns an! 069\/ 310 464 56<\/strong><\/p>\n","protected":false},"excerpt":{"rendered":"<p>Pflasterarbeiten: Die Kunst, Wege und Pl\u00e4tze zu gestalten Pflasterarbeiten sind ein wichtiger Bestandteil des Garten- und Landschaftsbaus. Sie dienen dazu, Wege, Pl\u00e4tze und Terrassen zu gestalten und zu versch\u00f6nern. Pflasterarbeiten k\u00f6nnen auch dazu beitragen, die Stabilit\u00e4t und den Abfluss von Wasser zu verbessern. Was sind Pflasterarbeiten? Pflasterarbeiten sind der Prozess des Verlegens von Pflastersteinen. Pflasterarbeiten [&hellip;]<\/p>\n","protected":false},"author":1,"featured_media":0,"parent":0,"menu_order":0,"comment_status":"closed","ping_status":"closed","template":"","meta":{"footnotes":""},"class_list":["post-128","page","type-page","status-publish","hentry"],"_links":{"self":[{"href":"https:\/\/fundmgmbh.de\/index.php?rest_route=\/wp\/v2\/pages\/128","targetHints":{"allow":["GET"]}}],"collection":[{"href":"https:\/\/fundmgmbh.de\/index.php?rest_route=\/wp\/v2\/pages"}],"about":[{"href":"https:\/\/fundmgmbh.de\/index.php?rest_route=\/wp\/v2\/types\/page"}],"author":[{"embeddable":true,"href":"https:\/\/fundmgmbh.de\/index.php?rest_route=\/wp\/v2\/users\/1"}],"replies":[{"embeddable":true,"href":"https:\/\/fundmgmbh.de\/index.php?rest_route=%2Fwp%2Fv2%2Fcomments&post=128"}],"version-history":[{"count":1,"href":"https:\/\/fundmgmbh.de\/index.php?rest_route=\/wp\/v2\/pages\/128\/revisions"}],"predecessor-version":[{"id":129,"href":"https:\/\/fundmgmbh.de\/index.php?rest_route=\/wp\/v2\/pages\/128\/revisions\/129"}],"wp:attachment":[{"href":"https:\/\/fundmgmbh.de\/index.php?rest_route=%2Fwp%2Fv2%2Fmedia&parent=128"}],"curies":[{"name":"wp","href":"https:\/\/api.w.org\/{rel}","templated":true}]}}